{"id":67397,"date":"2025-03-01T20:36:29","date_gmt":"2025-03-01T19:36:29","guid":{"rendered":"https:\/\/tierphysio-deeke.de\/?page_id=67397"},"modified":"2025-03-21T23:46:39","modified_gmt":"2025-03-21T22:46:39","slug":"manuelle-therapie","status":"publish","type":"page","link":"https:\/\/tierphysio-deeke.de\/?page_id=67397","title":{"rendered":"Manuelle Therapie"},"content":{"rendered":"\t\t<div data-elementor-type=\"wp-page\" data-elementor-id=\"67397\" class=\"elementor elementor-67397\">\n\t\t\t\t<div class=\"elementor-element elementor-element-50f0ebd e-flex e-con-boxed e-con e-parent\" data-id=\"50f0ebd\" data-element_type=\"container\">\n\t\t\t\t\t<div class=\"e-con-inner\">\n\t\t\t\t<div class=\"elementor-element elementor-element-89b087a elementor-widget elementor-widget-heading\" data-id=\"89b087a\" data-element_type=\"widget\" data-widget_type=\"heading.default\">\n\t\t\t\t<div class=\"elementor-widget-container\">\n\t\t\t\t\t<h2 class=\"elementor-heading-title elementor-size-default\">Manuelle Lymphdrainage<\/h2>\t\t\t\t<\/div>\n\t\t\t\t<\/div>\n\t\t\t\t\t<\/div>\n\t\t\t\t<\/div>\n\t\t<div class=\"elementor-element elementor-element-b45c146 e-flex e-con-boxed e-con e-parent\" data-id=\"b45c146\" data-element_type=\"container\">\n\t\t\t\t\t<div class=\"e-con-inner\">\n\t\t\t\t<div class=\"elementor-element elementor-element-58b8af8 elementor-widget elementor-widget-text-editor\" data-id=\"58b8af8\" data-element_type=\"widget\" data-widget_type=\"text-editor.default\">\n\t\t\t\t<div class=\"elementor-widget-container\">\n\t\t\t\t\t\t\t\t\t<p><span style=\"color: #333333;\">Lymphdrainage ist eine spezielle Massagetechnik, die darauf abzielt, den Lymphfluss im K\u00f6rper zu f\u00f6rdern. Sie wirkt,<\/span><br \/><span style=\"color: #333333;\">indem sie sanfte, rhythmische Bewegungen und Druck auf die Haut und das darunterliegende Gewebe aus\u00fcbt.<\/span><br \/><span style=\"color: #333333;\">Die Lymphdrainage bringt einige Vorteile mit sich:<\/span><\/p><p style=\"padding-left: 40px;\"><br \/><span style=\"color: #333333;\">\u2022 F\u00f6rderung des Lymphflusses: Die Lymphdrainage stimuliert die Lymphgef\u00e4\u00dfe, was dazu beitr\u00e4gt, die Lymphfl\u00fcssigkeit<\/span><br \/><span style=\"color: #333333;\">effizienter abzuleiten. Dies ist besonders wichtig, um Schwellungen und \u00d6deme zu reduzieren.<\/span><\/p><p style=\"padding-left: 40px;\"><br \/><span style=\"color: #333333;\">\u2022 Entgiftung: Durch die Verbesserung des Lymphflusses werden Abfallstoffe und Giftstoffe aus dem Gewebe<\/span><br \/><span style=\"color: #333333;\">abtransportiert, was die Entgiftung des K\u00f6rpers unterst\u00fctzt.<\/span><\/p><p style=\"padding-left: 40px;\"><br \/><span style=\"color: #333333;\">\u2022 Schmerzlinderung: Die sanften Bewegungen k\u00f6nnen Schmerzen und Spannungen im Gewebe lindern, was zu einem<\/span><br \/><span style=\"color: #333333;\">allgemeinen Gef\u00fchl der Entspannung f\u00fchrt.<\/span><\/p><p style=\"padding-left: 40px;\"><br \/><span style=\"color: #333333;\">\u2022 St\u00e4rkung des Immunsystems: Eine verbesserte Lymphzirkulation kann das Immunsystem st\u00e4rken, da die<\/span><br \/><span style=\"color: #333333;\">Lymphfl\u00fcssigkeit wichtige Immunzellen transportiert.<\/span><\/p><p style=\"padding-left: 40px;\"><br \/><span style=\"color: #333333;\">\u2022 Regeneration: Lymphdrainage kann die Heilung nach Verletzungen oder Operationen unterst\u00fctzen, indem sie die<\/span><br \/><span style=\"color: #333333;\">Durchblutung und den Stoffwechsel im betroffenen Bereich anregt.<\/span><\/p><p><br \/><span style=\"color: #333333;\">Insgesamt ist die Lymphdrainage eine sanfte und effektive Methode, um das Wohlbefinden zu f\u00f6rdern und die Gesundheit<\/span><br \/><span style=\"color: #333333;\">zu unterst\u00fctzen.<\/span><\/p>\t\t\t\t\t\t\t\t<\/div>\n\t\t\t\t<\/div>\n\t\t\t\t\t<\/div>\n\t\t\t\t<\/div>\n\t\t\t\t<\/div>\n\t\t","protected":false},"excerpt":{"rendered":"<p>Manuelle Lymphdrainage Lymphdrainage ist eine spezielle Massagetechnik, die darauf abzielt, den Lymphfluss im K\u00f6rper zu f\u00f6rdern. Sie wirkt,indem sie sanfte, rhythmische Bewegungen und Druck auf die Haut und das..<\/p>\n","protected":false},"author":1,"featured_media":0,"parent":0,"menu_order":0,"comment_status":"closed","ping_status":"closed","template":"","meta":{"footnotes":""},"class_list":["post-67397","page","type-page","status-publish","hentry"],"_links":{"self":[{"href":"https:\/\/tierphysio-deeke.de\/index.php?rest_route=\/wp\/v2\/pages\/67397","targetHints":{"allow":["GET"]}}],"collection":[{"href":"https:\/\/tierphysio-deeke.de\/index.php?rest_route=\/wp\/v2\/pages"}],"about":[{"href":"https:\/\/tierphysio-deeke.de\/index.php?rest_route=\/wp\/v2\/types\/page"}],"author":[{"embeddable":true,"href":"https:\/\/tierphysio-deeke.de\/index.php?rest_route=\/wp\/v2\/users\/1"}],"replies":[{"embeddable":true,"href":"https:\/\/tierphysio-deeke.de\/index.php?rest_route=%2Fwp%2Fv2%2Fcomments&post=67397"}],"version-history":[{"count":4,"href":"https:\/\/tierphysio-deeke.de\/index.php?rest_route=\/wp\/v2\/pages\/67397\/revisions"}],"predecessor-version":[{"id":67543,"href":"https:\/\/tierphysio-deeke.de\/index.php?rest_route=\/wp\/v2\/pages\/67397\/revisions\/67543"}],"wp:attachment":[{"href":"https:\/\/tierphysio-deeke.de\/index.php?rest_route=%2Fwp%2Fv2%2Fmedia&parent=67397"}],"curies":[{"name":"wp","href":"https:\/\/api.w.org\/{rel}","templated":true}]}}